 the ten thousands digit of 11301823?
0
What is the ten thousands digit of 56774?
5
What is the thousands digit of 469502?
9
What is the thousands digit of 2334140?
4
What is the hundreds digit of 83271?
2
What is the millions digit of 3698423?
3
What is the thousands digit of 10016194?
6
What is the hundred thousands digit of 5720679?
7
What is the hundred thousands digit of 103746?
1
What is the hundred thousands digit of 645747?
6
What is the hundred thousands digit of 141041?
1
What is the millions digit of 20268553?
0
What is the hundred thousands digit of 3245153?
2
What is the units digit of 874908?
8
What is the tens digit of 182789?
8
What is the ten thousands digit of 8869796?
6
What is the ten thousands digit of 789246?
8
What is the tens digit of 478327?
2
What is the hundred thousands digit of 12973536?
9
What is the thousands digit of 22076197?
6
What is the hundreds digit of 678641?
6
What is the units digit of 199177?
7
What is the units digit of 1992239?
9
What is the hundred thousands digit of 905550?
9
What is the thousands digit of 1553296?
3
What is the hundreds digit of 5755100?
1
What is the units digit of 23620659?
9
What is the tens digit of 3164224?
2
What is the units digit of 88552?
2
What is the thousands digit of 296625?
6
What is the hundred thousands digit of 7207841?
2
What is the tens digit of 191579?
7
What is the thousands digit of 5109956?
9
What is the ten thousands digit of 1162115?
6
What is the ten thousands digit of 215451?
1
What is the units digit of 7365?
5
What is the tens digit of 161241?
4
What is the millions digit of 2210384?
2
What is the hundred thousands digit of 407973?
4
What is the thousands digit of 29112?
9
What is the ten thousands digit of 5387040?
8
What is the thousands digit of 9290305?
0
What is the units digit of 16489739?
9
What is the units digit of 502684?
4
What is the ten thousands digit of 4786909?
8
What is the millions digit of 1789076?
1
What is the millions digit of 1884340?
1
What is the units digit of 2571484?
4
What is the units digit of 1321031?
1
What is the hundreds digit of 894577?
5
What is the hundreds digit of 4022498?
4
What is the tens digit of 8991?
9
What is the units digit of 40762?
2
What is the units digit of 1866392?
2
What is the hundred thousands digit of 1075027?
0
What is the thousands digit of 298966?
8
What is the millions digit of 15246048?
5
What is the ten thousands digit of 5286457?
8
What is the hundreds digit of 511815?
8
What is the hundred thousands digit of 959560?
9
What is the hundred thousands digit of 1265506?
2
What is the ten millions digit of 23335121?
2
What is the thousands digit of 652749?
2
What is the hundreds digit of 12224273?
2
What is the hundred thousands digit of 698148?
6
What is the tens digit of 12320403?
0
What is the ten thousands digit of 36175621?
7
What is the tens digit of 246855?
5
What is the ten thousands digit of 5034999?
3
What is the thousands digit of 228182?
8
What is the thousands digit of 515809?
5
What is the tens digit of 8797981?
8
What is the hundreds digit of 130325?
3
What is the ten thousands digit of 9262554?
6
What is the units digit of 305541?
1
What is the tens digit of 41550?
5
What is the tens digit of 207806?
0
What is the hundreds digit of 369948?
9
What is the thousands digit of 3576063?
6
What is the tens digit of 516367?
6
What is the ten thousands digit of 1481636?
8
What is the hundred thousands digit of 170791?
1
What is the millions digit of 1715065?
1
What is the tens digit of 13044095?
9
What is the units digit of 445813?
3
What is the hundreds digit of 136648?
6
What is the hundreds digit of 28407818?
8
What is the tens digit of 46829?
2
What is the ten thousands digit of 79197?
7
What is the millions digit of 2707745?
2
What is the tens digit of 3687954?
5
What is the ten thousands digit of 2912091?
1
What is the units digit of 566508?
8
What is the tens digit of 4574347?
4
What is the units digit of 5922315?
5
What is the hundreds digit of 592181?
1
What is the millions digit of 4702145?
4
What is the ten thousands digit of 1815475?
1
What is the units digit of 15129373?
3
What is the hundreds digit of 1427920?
9
What is the units digit of 4258864?
4
What is the hundreds digit of 731921?
9
What is the ten thousands digit of 3763674?
6
What is the millions digit of 4871616?
4
What is the millions digit of 2444629?
2
What is the hundreds digit of 22285096?
0
What is the tens digit of 252556?
5
What is the tens digit of 1260704?
0
What is the hundreds digit of 40505?
5
What is the ten thousands digit of 5287446?
8
What is the tens digit of 626436?
3
What is the thousands digit of 56387?
6
What is the units digit of 3568129?
9
What is the thousands digit of 192787?
2
What is the hundred thousands digit of 242850?
2
What is the ten thousands digit of 44515?
4
What is the units digit of 611919?
9
What is the ten thousands digit of 12537519?
3
What is the tens digit of 2155850?
5
What is the thousands digit of 27918531?
8
What is the ten thousands digit of 642097?
4
What is the thousands digit of 16282822?
2
What is the ten thousands digit of 145591?
4
What is the hundred thousands digit of 2257884?
2
What is the thousands digit of 339561?
9
What is the thousands digit of 5318706?
8
What is the thousands digit of 14669740?
9
What is the millions digit of 1222846?
1
What is the ten thousands digit of 528691?
2
What is the hundreds digit of 149279?
2
What is the units digit of 850380?
0
What is the ten thousands digit of 11818239?
1
What is the tens digit of 2797982?
8
What is the units digit of 7152015?
5
What is the hundreds digit of 652910?
9
What is the hundred thousands digit of 950311?
9
What is the thousands digit of 268128?
8
What is the units digit of 12787?
7
What is the tens digit of 3569428?
2
What is the thousands digit of 7503509?
3
What is the ten thousands digit of 286340?
8
What is the hundred thousands digit of 12166382?
1
What is the hundred thousands digit of 754491?
7
What is the tens digit of 13527532?
3
What is the tens digit of 9860402?
0
What is the ten millions digit of 10945647?
1
What is the millions digit of 1015081?
1
What is the units digit of 8203231?
1
What is the tens digit of 351723?
2
What is the hundred thousands digit of 400959?
4
What is the hundreds digit of 1838637?
6
What is the hundreds digit of 730197?
1
What is the hundred thousands digit of 306681?
3
What is the millions digit of 31841509?
1
What is the hundred thousands digit of 478776?
4
What is the millions digit of 3562274?
3
What is the hundred thousands digit of 9380921?
3
What is the hundreds digit of 2379038?
0
What is the units digit of 739057?
7
What is the ten thousands digit of 55920?
5
What is the millions digit of 9589515?
9
What is the tens digit of 156333?
3
What is the ten thousands digit of 90966?
9
What is the hundreds digit of 3908343?
3
What is the thousands digit of 2218626?
8
What is the hundred thousands digit of 1069673?
0
What is the hundreds digit of 904603?
6
What is the ten thousands digit of 441402?
4
What is the thousands digit of 3008617?
8
What is the millions digit of 5009154?
5
What is the thousands digit of 266725?
6
What is the ten thousands digit of 266367?
6
What is the tens digit of 12627310?
1
What is the hundreds digit of 1040825?
8
What is the thousands digit of 9397764?
7
What is the ten thousands digit of 274224?
7
What is the hundred thousands digit of 847626?
8
What is the hundred thousands digit of 4690123?
6
What is the tens digit of 401393?
9
What is the thousands digit of 6238693?
8
What is the thousands digit of 662093?
2
What is the millions digit of 1194196?
1
What is the ten thousands digit of 1530697?
3
What is the ten thousands digit of 679368?
7
What is the hundreds digit of 1675689?
6
What is the units digit of 164948?
8
What is the thousands digit of 331234?
1
What is the millions digit of 3089303?
3
What is the tens digit of 9662355?
5
What is the hundreds digit of 14454199?
1
What is the ten thousands digit of 1371721?
7
What is the tens digit of 26419388?
8
What is the thousands digit of 92645?
2
What is the millions digit of 12586482?
2
What is the units digit of 6885660?
0
What is the thousands digit of 63041?
3
What is